 Suppose z = -5*k + t + 113, 2*k - 33 = -t + 8. Suppose 3*x = 174 - 48. Calculate the remainder when x is divided by k.
20
Let u be ((-6)/9)/(2/(-51)). Suppose 27 = 2*j - z - 2, -3*z = 2*j - u. What is the remainder when 49 is divided by j?
10
Suppose -304 = -99*j + 103*j. Let i = 120 + j. What is the remainder when i is divided by 16?
12
Let y(r) = -r**3 + 27*r**2 + 26*r + 66. What is the remainder when 45 is divided by y(28)?
5
Let u = -94 + 125. Calculate the remainder when u is divided by 12.
7
Let t be (5/5)/((-3)/6). What is the remainder when (516/(-48))/(t/8) is divided by 13?
4
Suppose -2*r = r - 9. Let n(o) = 2*o**2 + o - 4. Let j(u) = -2*u**3 - 41*u**2 + 25*u + 89. Calculate the remainder when n(r) is divided by j(-21).
2
Let c be 1/(-3) - 6015/45. Let h = -130 - c. Calculate the remainder when h is divided by 4.
0
Let f(l) = l**2 - 5*l - 2. Let q be f(6). Suppose -33 = q*m - m. What is the remainder when 18 is divided by (1 + m)*(-3)/6?
3
Let q = -198 + 216. What is the remainder when 197 is divided by q?
17
Let f(l) = -l**3 + 17*l**2 + 2*l - 28. Let z be 68/6*(-6)/(-4). Calculate the remainder when 34 is divided by f(z).
4
Suppose 2*r - 2*u - 54 = 0, 5*r - 26*u - 137 = -22*u. What is the remainder when r is divided by ((-32)/20)/(1/(-5))?
5
Let k = -1 - -19. Suppose -j - 47 = -5*r + k, r + 3*j = 13. What is the remainder when (518/28)/(0 + (-5)/(-10)) is divided by r?
11
Let o = 1302 - 1238. Calculate the remainder when 191 is divided by o.
63
Let b = -94 + 226. Suppose 0*r + 3*r - 135 = 0. What is the remainder when b is divided by r?
42
Let b(y) = y**2. Let r(c) = -c**3 - 24*c**2 - 23*c - 21. Let k(j) = 2*b(j) - r(j). Calculate the remainder when k(-25) is divided by 19.
14
Let m(k) = 2*k**2 + 4*k - 2. Let y(z) = 3*z - 40. Let w be y(12). Calculate the remainder when 139 is divided by m(w).
13
Let j(b) = 3*b**2 - b. Let a be j(1). Let h(m) = 55*m. Suppose -3*n = -59 - 25. What is the remainder when h(a) is divided by n?
26
Suppose 3*m - 2*y - 10 = 0, -3*m - 3*y + 42 = 2*m. Suppose 2*v + m = 2. Let t = v + 24. What is the remainder when 87 is divided by t?
21
Let h = -97 + 106. Let y be (-8)/(3*4/(-42)). Let r = -2 + y. Calculate the remainder when r is divided by h.
8
Suppose -4*j + 13*d = 17*d - 672, -3*j - 2*d + 505 = 0. Calculate the remainder when 500 is divided by j.
162
Let o(v) be the second derivative of -3*v - 1/2*v**2 + v**3 + 0 - 1/12*v**4. What is the remainder when 5 is divided by o(5)?
1
What is the remainder when 216 is divided by (-2)/7*-10*(-2254)/(-92)?
6
Suppose 3*d - 4*l - 222 = 0, -5*l + 405 = -7*d + 12*d. What is the remainder when d is divided by 64?
14
Let j = 643 - 604. What is the remainder when ((-3)/(-2))/((-2)/(-308)) is divided by j?
36
Suppose 0 = z + 3*l - 64, 0 = -z - 0*l - 5*l + 74. Calculate the remainder when z is divided by 47.
2
Let k = 168 - 39. What is the remainder when k is divided by 26?
25
Suppose 30 = 3*q - 0. Let c = -126 - -144. What is the remainder when c is divided by q?
8
Let z = -97 - -152. Suppose z = x + 3*y, 0 = -0*x + x - 5*y - 87. Calculate the remainder when x is divided by 14.
11
Suppose -3*i = 0, -66*i = 4*k - 68*i - 8. What is the remainder when 12 is divided by k?
0
Let k(r) be the first derivative of -r**2 - r - 37. Calculate the remainder when 32 is divided by k(-6).
10
Let g(t) = -t**3 + 6*t**2 - 21. Calculate the remainder when 101 is divided by g(5).
1
Let q(g) = g**3 - 32*g**2 + 33*g. Calculate the remainder when 308 is divided by q(31).
60
Let m(j) = -j**2 + 5*j + 7. Let g = -988 + 1028. What is the remainder when g is divided by m(5)?
5
Suppose -47 = -4*c + 5*p, 4*c + 0*p + 2*p = 26. Suppose 3*u - c*u + 4*n = -42, 5*n + 3 = -2*u. What is the remainder when 11 is divided by u?
5
Suppose 0 = 18*u + 3 - 201. Calculate the remainder when 65 is divided by u.
10
Let j(p) = -p**2 - 8*p - 26. Let t be j(-4). What is the remainder when 36 is divided by 74/9 - t/(-45)?
4
Let q = 1230 - 1208. What is the remainder when 88 is divided by q?
0
Let k(n) = n**2 - 2*n - 2. Let d = 405 - 390. What is the remainder when k(6) is divided by d?
7
Suppose g + 2*a = 49 - 6, 0 = 5*a - 25. What is the remainder when 84 is divided by g?
18
Suppose 0 = 5*y - 3*y - 76. Let v = y + -27. Calculate the remainder when v is divided by 51/12 + 3/(-12).
3
Let o = -179 - -192. What is the remainder when 33 is divided by o?
7
Let m = -28 + 41. What is the remainder when (-383)/(-5) - 6/10 is divided by m?
11
Let r(m) = -m**3 - 3*m**2 - 3*m - 8. Let f be r(-4). Suppose -f*x + 90 = -17*x. Calculate the remainder when 89 is divided by x.
29
Let g(p) = 4*p**2 + 3*p + 1. Let w be g(-1). Suppose -w*q = -3 - 141. Suppose 4*j - 54 = 2*i, 5*j - i - q = -12. What is the remainder when j is divided by 4?
3
Let s(r) = r + 6. Let o be (-2 - -2)/(-2*1). Let g(h) = 2*h**2 + 2*h + 21. Calculate the remainder when g(0) is divided by s(o).
3
Suppose 3*w - 155 = -5. Suppose 0 = -5*r + 4*k - 0*k - w, -4*r = k + 19. Let u = r - -19. Calculate the remainder when 50 is divided by u.
11
What is the remainder when (2/10 + (-194)/(-10))*20 is divided by 33?
29
Let f = 1145 + -1135. Let w(t) = -5*t + 4. What is the remainder when w(-3) is divided by f?
9
Suppose -3*i + 3*f = -1248, -226 + 1882 = 4*i - 2*f. Calculate the remainder when i is divided by 23.
21
Suppose 6*h - 16 = 26. Suppose 5*k = 2*k + 36. Calculate the remainder when k is divided by h.
5
Let g(j) = -j. Let s be g(-2). Suppose 5*w - 22 = 3*h, -2*w + 6*w - 22 = -s*h. Let x = 20 - 18. What is the remainder when x is divided by h?
0
Let y = 93 - 46. What is the remainder when y is divided by 24?
23
Suppose -18 = -p + 59. Suppose -p - 299 = -4*t + 5*a, 376 = 4*t + a. Suppose 0 = 4*i - 6*i + t. What is the remainder when i is divided by 16?
15
Calculate the remainder when 63 is divided by (-16)/4 - (-14 + -3 + -3).
15
Suppose 384*s - 390*s = -18. Calculate the remainder when 47 is divided by s.
2
Suppose -2*u + 5*g + 114 = 0, u + 4 - 64 = g. What is the remainder when 1238 is divided by u?
60
Let l(w) = w**3 - 13*w**2 + 3*w - 7. What is the remainder when l(13) is divided by 2*21/(-2)*18/(-21)?
14
Let a = -33 + 35. Suppose b + a - 32 = -2*p, -4*b = 2*p - 144. Let l = 18 - 8. What is the remainder when b is divided by l?
8
Suppose 55 = -2*x + 7*x. What is the remainder when (-4)/(7 + 15/(-3)) + 31 is divided by x?
7
Let t(g) = g + 85. Let v be t(0). Suppose v = 3*o + 2*o. Calculate the remainder when o is divided by (-2)/((-24)/74) - (-1)/(-6).
5
Let k = 37 + -33. Suppose -o = 5*t + 3*o - 40, k*t - 32 = -4*o. Calculate the remainder when 21 is divided by t.
5
Suppose 3*z - 3*a = 30, -6*a = 5*z - 4*a - 43. What is the remainder when 42 is divided by z?
6
Suppose -2*x = -39 - 191. Suppose 40*z - 37*z = 3. Suppose -z + 79 = 2*d. Calculate the remainder when x is divided by d.
37
Suppose 3*p + 0*p = 9. Let n(l) = l**3 + 7*l**2 + 6*l + 9. Let i(z) = -z**3 - z - 6. Let w be i(0). What is the remainder when n(w) is divided by p?
0
Let l = -71 - -37. Let y = l - -48. What is the remainder when 53 is divided by y?
11
Let t = 276 - 176. Calculate the remainder when 997 is divided by t.
97
Suppose 5*y + 0*m - 5*m - 50 = 0, -3*y + 34 = -4*m. Suppose 3*k = 19 + 44. What is the remainder when k is divided by y?
3
Let v(z) = 5*z**3 + 3. Let b be v(2). Let t = -36 + b. What is the remainder when t is divided by 5?
2
Let f(q) be the third derivative of -5*q**4/24 - 17*q**3/3 + 2*q**2. Calculate the remainder when f(-13) is divided by 16.
15
Let j(v) = v**2 - 32*v + 109. Calculate the remainder when j(31) is divided by 25.
3
Let l(z) = -z**3 + 5*z**2 + 2*z + 16. What is the remainder when 191 is divided by l(0)?
15
Suppose -4*a = 5*i - 17, 4*i + 5 = 9*i. Let t be (2 + 1)/(-3) - -3. Suppose q + t = 3. What is the remainder when a is divided by q?
0
Suppose 4*m = 2*z, -3 = -z + m - 2. Let r(f) = f**3 + 8*f**2 - 20*f + 40. Calculate the remainder when r(-10) is divided by 1 + z + -2 - -20.
19
What is the remainder when ((-116)/(-20) + -5)*245 is divided by 20?
16
Suppose -5*n = -0*n - 25. Suppose -n*a + 2*z - 3*z = -87, 0 = 2*a + 5*z - 44. Let i = a - 4. Calculate the remainder when 38 is divided by i.
12
Let l(i) = -2*i**2 - 11*i - 10. Let r be l(-4). Suppose 4*t - 91 = g, 5 = r*g